{"id":7792,"date":"2017-06-25T15:27:44","date_gmt":"2017-06-25T15:27:44","guid":{"rendered":"https:\/\/elisabragarchitects.com\/studio\/?page_id=7792"},"modified":"2017-11-04T14:49:20","modified_gmt":"2017-11-04T14:49:20","slug":"progettazione-architettonica","status":"publish","type":"page","link":"https:\/\/elisabragarchitects.com\/studio\/servizi\/progettazione-architettonica\/","title":{"rendered":"Progettazione architettonica"},"content":{"rendered":"<p>[vc_row row_content_width=&#8221;grid&#8221; css=&#8221;.vc_custom_1498921770410{margin-top: 160px !important;padding-bottom: 55px !important;}&#8221;][vc_column width=&#8221;1\/2&#8243; css=&#8221;.vc_custom_1498754125011{margin-top: -20px !important;}&#8221;][vc_column_text el_class=&#8221;giustificato&#8221;]<\/p>\n<h1 class=\"titolo\">Progettazione architettonica<\/h1>\n<p>Al giorno d&#8217;oggi, dove i costi di gestione delle propriet\u00e0 sono in costante aumento e le tecnologie migliorano velocemente, \u00e8 fondamentale essere informati e, dove possibile, proporre soluzioni all&#8217;avanguardia nella progettazione sostenibile e nel rispetto della natura.<br \/>\nNon \u00e8 solo una questione etica di rispetto dell&#8217;ambiente, per un pianeta pi\u00f9 sano da lasciare ai nostri figli e nipoti, ma risulta anche il solo strumento efficace per vivere in un ambiente pi\u00f9 sano per il nostro benessere quotidiano.<br \/>\nOltre alla competenza nella progettazione, sui materiali e sulle tecniche costruttive all&#8217;avanguardia in tal senso, al fine di ottenere il massimo risparmio energetico possibile e l&#8217;abbattimento dei costi di utilizzo della struttura, lo studio ElisaBragaArchitects fornisce anche supporto per le pratiche sulla Legge 10\/1991 e la redazione di certificazioni energetiche.[\/vc_column_text][\/vc_column][vc_column width=&#8221;1\/2&#8243;][vc_single_image image=&#8221;7780&#8243; img_size=&#8221;full&#8221;][\/vc_column][\/vc_row][vc_row][vc_column][vc_separator][\/vc_column][\/vc_row][vc_row css=&#8221;.vc_custom_1498404128532{margin-top: 50px !important;margin-right: 1% !important;margin-left: 1% !important;padding-bottom: 30px !important;}&#8221;][vc_column width=&#8221;1\/6&#8243;][vc_single_image image=&#8221;7699&#8243; img_size=&#8221;full&#8221; alignment=&#8221;center&#8221; onclick=&#8221;custom_link&#8221; link=&#8221;https:\/\/elisabragarchitects.com\/studio\/servizi\/progettazione-architettonica\/&#8221;][vc_column_text el_class=&#8221;TitoloPiccolo&#8221;]<\/p>\n<h3><span style=\"color: #999999;\">progettazione architettonica<\/span><\/h3>\n<p>[\/vc_column_text][\/vc_column][vc_column width=&#8221;1\/6&#8243;][vc_single_image image=&#8221;7907&#8243; img_size=&#8221;full&#8221; alignment=&#8221;center&#8221; onclick=&#8221;custom_link&#8221; link=&#8221;https:\/\/elisabragarchitects.com\/studio\/servizi\/progettazione-interni\/&#8221;][vc_column_text css=&#8221;.vc_custom_1498404309902{margin-top: 0px !important;border-top-width: 0px !important;padding-top: 0px !important;}&#8221; el_class=&#8221;TitoloPiccolo&#8221;]<\/p>\n<h3><span style=\"color: #999999;\">progettazione d&#8217;interni<\/span><\/h3>\n<p>[\/vc_column_text][\/vc_column][vc_column width=&#8221;1\/6&#8243;][vc_single_image image=&#8221;7700&#8243; img_size=&#8221;full&#8221; alignment=&#8221;center&#8221; onclick=&#8221;custom_link&#8221; link=&#8221;https:\/\/elisabragarchitects.com\/studio\/servizi\/progettazione-energetica\/&#8221;][vc_column_text css=&#8221;.vc_custom_1498404319054{margin-top: 0px !important;border-top-width: 0px !important;padding-top: 0px !important;}&#8221; el_class=&#8221;TitoloPiccolo&#8221;]<\/p>\n<h3><span style=\"color: #999999;\">progettazione energetica<\/span><\/h3>\n<p>[\/vc_column_text][\/vc_column][vc_column width=&#8221;1\/6&#8243;][vc_single_image image=&#8221;7698&#8243; img_size=&#8221;full&#8221; alignment=&#8221;center&#8221; onclick=&#8221;custom_link&#8221; link=&#8221;https:\/\/elisabragarchitects.com\/studio\/servizi\/direzione-lavori\/&#8221;][vc_column_text el_class=&#8221;TitoloPiccolo&#8221;]<\/p>\n<h3><span style=\"color: #999999;\">direzione lavori<\/span><\/h3>\n<p>[\/vc_column_text][\/vc_column][vc_column width=&#8221;1\/6&#8243;][vc_single_image image=&#8221;7702&#8243; img_size=&#8221;full&#8221; alignment=&#8221;center&#8221; onclick=&#8221;custom_link&#8221; link=&#8221;https:\/\/elisabragarchitects.com\/studio\/servizi\/sicurezza-in-cantiere\/&#8221;][vc_column_text el_class=&#8221;TitoloPiccolo&#8221;]<\/p>\n<h3><span style=\"color: #999999;\">sicurezza in cantiere<\/span><\/h3>\n<p>[\/vc_column_text][\/vc_column][vc_column width=&#8221;1\/6&#8243;][vc_single_image image=&#8221;7697&#8243; img_size=&#8221;full&#8221; alignment=&#8221;center&#8221; onclick=&#8221;custom_link&#8221; link=&#8221;https:\/\/elisabragarchitects.com\/studio\/servizi\/catasto\/&#8221;][vc_column_text el_class=&#8221;TitoloPiccolo&#8221;]<\/p>\n<h3><span style=\"color: #999999;\">castasto<\/span><\/h3>\n<p>[\/vc_column_text][\/vc_column][\/vc_row]<\/p>\n","protected":false},"excerpt":{"rendered":"<p>[vc_row row_content_width=&#8221;grid&#8221; css=&#8221;.vc_custom_1498921770410{margin-top: 160px !important;padding-bottom: 55px !important;}&#8221;][vc_column width=&#8221;1\/2&#8243; css=&#8221;.vc_custom_1498754125011{margin-top: -20px !important;}&#8221;][vc_column_text el_class=&#8221;giustificato&#8221;] Progettazione architettonica Al giorno d&#8217;oggi, dove i costi [&hellip;]<\/p>\n","protected":false},"author":1,"featured_media":0,"parent":5815,"menu_order":0,"comment_status":"closed","ping_status":"closed","template":"full-width.php","meta":{"footnotes":""},"yoast_head":"<!-- This site is optimized with the Yoast SEO plugin v21.0 - https:\/\/yoast.com\/wordpress\/plugins\/seo\/ -->\n<title>Progettazione architettonica - Elisa Braga Architects<\/title>\n<meta name=\"robots\" content=\"index, follow, max-snippet:-1, max-image-preview:large, max-video-preview:-1\" \/>\n<link rel=\"canonical\" href=\"https:\/\/elisabragarchitects.com\/studio\/servizi\/progettazione-architettonica\/\" \/>\n<meta property=\"og:locale\" content=\"it_IT\" \/>\n<meta property=\"og:type\" content=\"article\" \/>\n<meta property=\"og:title\" content=\"Progettazione architettonica - Elisa Braga Architects\" \/>\n<meta property=\"og:description\" content=\"[vc_row row_content_width=&#8221;grid&#8221; css=&#8221;.vc_custom_1498921770410{margin-top: 160px !important;padding-bottom: 55px !important;}&#8221;][vc_column width=&#8221;1\/2&#8243; css=&#8221;.vc_custom_1498754125011{margin-top: -20px !important;}&#8221;][vc_column_text el_class=&#8221;giustificato&#8221;] Progettazione architettonica Al giorno d&#8217;oggi, dove i costi [&hellip;]\" \/>\n<meta property=\"og:url\" content=\"https:\/\/elisabragarchitects.com\/studio\/servizi\/progettazione-architettonica\/\" \/>\n<meta property=\"og:site_name\" content=\"Elisa Braga Architects\" \/>\n<meta property=\"article:publisher\" content=\"https:\/\/www.facebook.com\/elisa.braga.58\" \/>\n<meta property=\"article:modified_time\" content=\"2017-11-04T14:49:20+00:00\" \/>\n<meta property=\"og:image\" content=\"https:\/\/elisabragarchitects.com\/studio\/wp-content\/uploads\/2017\/07\/logoEB.png\" \/>\n\t<meta property=\"og:image:width\" content=\"400\" \/>\n\t<meta property=\"og:image:height\" content=\"58\" \/>\n\t<meta property=\"og:image:type\" content=\"image\/png\" \/>\n<meta name=\"twitter:card\" content=\"summary_large_image\" \/>\n<meta name=\"twitter:label1\" content=\"Tempo di lettura stimato\" \/>\n\t<meta name=\"twitter:data1\" content=\"2 minuti\" \/>\n<script type=\"application\/ld+json\" class=\"yoast-schema-graph\">{\"@context\":\"https:\/\/schema.org\",\"@graph\":[{\"@type\":\"WebPage\",\"@id\":\"https:\/\/elisabragarchitects.com\/studio\/servizi\/progettazione-architettonica\/\",\"url\":\"https:\/\/elisabragarchitects.com\/studio\/servizi\/progettazione-architettonica\/\",\"name\":\"Progettazione architettonica - Elisa Braga Architects\",\"isPartOf\":{\"@id\":\"https:\/\/elisabragarchitects.com\/studio\/#website\"},\"datePublished\":\"2017-06-25T15:27:44+00:00\",\"dateModified\":\"2017-11-04T14:49:20+00:00\",\"breadcrumb\":{\"@id\":\"https:\/\/elisabragarchitects.com\/studio\/servizi\/progettazione-architettonica\/#breadcrumb\"},\"inLanguage\":\"it-IT\",\"potentialAction\":[{\"@type\":\"ReadAction\",\"target\":[\"https:\/\/elisabragarchitects.com\/studio\/servizi\/progettazione-architettonica\/\"]}]},{\"@type\":\"BreadcrumbList\",\"@id\":\"https:\/\/elisabragarchitects.com\/studio\/servizi\/progettazione-architettonica\/#breadcrumb\",\"itemListElement\":[{\"@type\":\"ListItem\",\"position\":1,\"name\":\"Home\",\"item\":\"https:\/\/elisabragarchitects.com\/studio\/\"},{\"@type\":\"ListItem\",\"position\":2,\"name\":\"Servizi\",\"item\":\"https:\/\/elisabragarchitects.com\/studio\/servizi\/\"},{\"@type\":\"ListItem\",\"position\":3,\"name\":\"Progettazione architettonica\"}]},{\"@type\":\"WebSite\",\"@id\":\"https:\/\/elisabragarchitects.com\/studio\/#website\",\"url\":\"https:\/\/elisabragarchitects.com\/studio\/\",\"name\":\"Elisa Braga Architects\",\"description\":\"Progetti che durano nel tempo\",\"potentialAction\":[{\"@type\":\"SearchAction\",\"target\":{\"@type\":\"EntryPoint\",\"urlTemplate\":\"https:\/\/elisabragarchitects.com\/studio\/?s={search_term_string}\"},\"query-input\":\"required name=search_term_string\"}],\"inLanguage\":\"it-IT\"}]}<\/script>\n<!-- \/ Yoast SEO plugin. -->","yoast_head_json":{"title":"Progettazione architettonica - Elisa Braga Architects","robots":{"index":"index","follow":"follow","max-snippet":"max-snippet:-1","max-image-preview":"max-image-preview:large","max-video-preview":"max-video-preview:-1"},"canonical":"https:\/\/elisabragarchitects.com\/studio\/servizi\/progettazione-architettonica\/","og_locale":"it_IT","og_type":"article","og_title":"Progettazione architettonica - Elisa Braga Architects","og_description":"[vc_row row_content_width=&#8221;grid&#8221; css=&#8221;.vc_custom_1498921770410{margin-top: 160px !important;padding-bottom: 55px !important;}&#8221;][vc_column width=&#8221;1\/2&#8243; css=&#8221;.vc_custom_1498754125011{margin-top: -20px !important;}&#8221;][vc_column_text el_class=&#8221;giustificato&#8221;] Progettazione architettonica Al giorno d&#8217;oggi, dove i costi [&hellip;]","og_url":"https:\/\/elisabragarchitects.com\/studio\/servizi\/progettazione-architettonica\/","og_site_name":"Elisa Braga Architects","article_publisher":"https:\/\/www.facebook.com\/elisa.braga.58","article_modified_time":"2017-11-04T14:49:20+00:00","og_image":[{"width":400,"height":58,"url":"https:\/\/elisabragarchitects.com\/studio\/wp-content\/uploads\/2017\/07\/logoEB.png","type":"image\/png"}],"twitter_card":"summary_large_image","twitter_misc":{"Tempo di lettura stimato":"2 minuti"},"schema":{"@context":"https:\/\/schema.org","@graph":[{"@type":"WebPage","@id":"https:\/\/elisabragarchitects.com\/studio\/servizi\/progettazione-architettonica\/","url":"https:\/\/elisabragarchitects.com\/studio\/servizi\/progettazione-architettonica\/","name":"Progettazione architettonica - Elisa Braga Architects","isPartOf":{"@id":"https:\/\/elisabragarchitects.com\/studio\/#website"},"datePublished":"2017-06-25T15:27:44+00:00","dateModified":"2017-11-04T14:49:20+00:00","breadcrumb":{"@id":"https:\/\/elisabragarchitects.com\/studio\/servizi\/progettazione-architettonica\/#breadcrumb"},"inLanguage":"it-IT","potentialAction":[{"@type":"ReadAction","target":["https:\/\/elisabragarchitects.com\/studio\/servizi\/progettazione-architettonica\/"]}]},{"@type":"BreadcrumbList","@id":"https:\/\/elisabragarchitects.com\/studio\/servizi\/progettazione-architettonica\/#breadcrumb","itemListElement":[{"@type":"ListItem","position":1,"name":"Home","item":"https:\/\/elisabragarchitects.com\/studio\/"},{"@type":"ListItem","position":2,"name":"Servizi","item":"https:\/\/elisabragarchitects.com\/studio\/servizi\/"},{"@type":"ListItem","position":3,"name":"Progettazione architettonica"}]},{"@type":"WebSite","@id":"https:\/\/elisabragarchitects.com\/studio\/#website","url":"https:\/\/elisabragarchitects.com\/studio\/","name":"Elisa Braga Architects","description":"Progetti che durano nel tempo","potentialAction":[{"@type":"SearchAction","target":{"@type":"EntryPoint","urlTemplate":"https:\/\/elisabragarchitects.com\/studio\/?s={search_term_string}"},"query-input":"required name=search_term_string"}],"inLanguage":"it-IT"}]}},"_links":{"self":[{"href":"https:\/\/elisabragarchitects.com\/studio\/wp-json\/wp\/v2\/pages\/7792"}],"collection":[{"href":"https:\/\/elisabragarchitects.com\/studio\/wp-json\/wp\/v2\/pages"}],"about":[{"href":"https:\/\/elisabragarchitects.com\/studio\/wp-json\/wp\/v2\/types\/page"}],"author":[{"embeddable":true,"href":"https:\/\/elisabragarchitects.com\/studio\/wp-json\/wp\/v2\/users\/1"}],"replies":[{"embeddable":true,"href":"https:\/\/elisabragarchitects.com\/studio\/wp-json\/wp\/v2\/comments?post=7792"}],"version-history":[{"count":7,"href":"https:\/\/elisabragarchitects.com\/studio\/wp-json\/wp\/v2\/pages\/7792\/revisions"}],"predecessor-version":[{"id":8146,"href":"https:\/\/elisabragarchitects.com\/studio\/wp-json\/wp\/v2\/pages\/7792\/revisions\/8146"}],"up":[{"embeddable":true,"href":"https:\/\/elisabragarchitects.com\/studio\/wp-json\/wp\/v2\/pages\/5815"}],"wp:attachment":[{"href":"https:\/\/elisabragarchitects.com\/studio\/wp-json\/wp\/v2\/media?parent=7792"}],"curies":[{"name":"wp","href":"https:\/\/api.w.org\/{rel}","templated":true}]}}